common factor of 2 and l.
2
Let n be 4/(-40)*-5*8. Suppose -16 = n*p, 0 = -2*l + l + 5*p + 34. Suppose -h = 4*h + 3*m + 2, -5*m - l = 3*h. Calculate the greatest common divisor of 4 and h.
2
Suppose -x - w + 18 = 4*x, -18 = -3*x + 3*w. Let p be 8/(2 - x) - -14. What is the greatest common divisor of 90 and p?
10
Let k(c) = 2*c. Let n be k(2). Let a be -2 - -2 - (-196)/4. Let b = a - 45. What is the greatest common factor of b and n?
4
Suppose o + g - 4 - 22 = 0, -5*o = -2*g - 102. Suppose -2*z - 330 = -7*z. What is the greatest common divisor of o and z?
22
Let j = 166 + -160. Calculate the highest common factor of j and 15.
3
Let f = -17 + 4. Let w = 21 + f. Suppose -4*n = 5*r - 9*n - 30, 3*n = 6. Calculate the highest common factor of w and r.
8
Suppose 4*b = 3*c - 91, 32*b - 27*b = 3*c - 95. What is the greatest common divisor of c and 75?
25
Suppose 6 = -3*t, 3*q + 0*q + 2 = 5*t. Let k be (80/q)/5 + 12. What is the greatest common factor of 8 and k?
8
Let o(q) = q**3 - 9*q**2 - q + 7. Let d be o(9). Let m be 68/153*(-9)/d. Calculate the highest common divisor of m and 8.
2
Let s be (-3 + 2/1)*9. Let l be 3/s*-3*2. Suppose -38*p = 21*p - 944. What is the highest common factor of p and l?
2
Suppose -8*w = -6*w + 72. Let z = 41 + w. What is the greatest common divisor of z and 35?
5
Let k be (-2 + 9/2)*14. Suppose -4*o = -13 - 7. Let p(f) = 3*f - 10. Let t be p(o). What is the greatest common divisor of t and k?
5
Let y(n) = -195*n**3 - 4*n**2 - 20*n - 16. Let i be y(-1). Calculate the greatest common divisor of i and 105.
15
Let j be 2/(-5) - 2046/(-15). Let q = -6858 + 6866. What is the highest common factor of j and q?
8
Suppose -8*s = -3*s - 360. Let d be 4 + (4 - (7 + -3)). Let v be d/(-18) - (-249)/27. What is the highest common divisor of v and s?
9
Let n = -891 + 4297. Calculate the greatest common divisor of 26 and n.
26
Let c be (-15 - -7)/(8/(-372)) - -8. What is the greatest common divisor of c and 160?
20
Suppose -5*y = -5*l + 6444 + 216, -3992 = -3*l + 2*y. Calculate the highest common divisor of 83 and l.
83
Suppose -6*o + 343 = -1187. What is the highest common factor of o and 102?
51
Let k = 118 - -72. Suppose -4*l = -f - 309, -4*l + 299 = -3*f + 4*f. Calculate the greatest common factor of l and k.
38
Let g(b) = -2*b**2 + 8. Let z be g(-5). Let i = z - -79. Suppose 4*x - i = 179. What is the greatest common divisor of x and 27?
27
Suppose -38*l = -39*l + 6. Let y be 1/(-2)*(-16 + l). Calculate the greatest common factor of 35 and y.
5
Let m(q) = q + 1. Let v be m(1). Suppose k + d = 0, 4*k - 24 = 2*d + v*d. Let n be (-6 + 0)*(-17)/51. What is the highest common factor of k and n?
1
Let h = 25 + -15. Suppose 0 = -5*i - 2*x + 307 - 53, -3*i - 4*x = -158. What is the greatest common factor of i and h?
10
Let w(x) = x**3 - 6*x**2 + 11*x + 3. Let z be w(5). What is the highest common divisor of 33 and z?
33
Let s be 9 - 0/2 - 0. Suppose -4*z = -s - 35. What is the greatest common divisor of z and 33?
11
Let b be 2/6 + 80/30. Let q be (-28)/(-4) - b - 4. Let j be (66/4 + q)*6. What is the greatest common divisor of j and 11?
11
Suppose 5*a = -4*n - 26, a = -n - 2*n - 14. Let u be 1 - (n + -13 + 2). What is the greatest common divisor of 32 and u?
16
Let i = 20 - 17. Let d(p) = p**3 - p**2 + 3*p - 16. Let b be d(i). Let u = -193 - -270. Calculate the greatest common factor of u and b.
11
Let b(d) = 35*d + 296. Let k be b(-8). What is the highest common factor of 1528 and k?
8
Suppose o + 160 = 3*c, -4*c + 0*c = -2*o - 212. Let j be 6/(-2) - (-31 - 0). Let n be 372/21 - (-8)/j. What is the highest common factor of n and c?
18
Let w(y) = -y**3 - 22*y**2 + 23*y + 1. Let v be w(-23). Let k = 31 + v. Calculate the highest common divisor of 16 and k.
16
Let j = 23 - 2. Suppose 0 = -3*d - d. Suppose 0 = a - 4*w - 3, d = -5*w - 0*w. Calculate the greatest common factor of j and a.
3
Let k = -186 + 232. What is the highest common divisor of 299 and k?
23
Suppose 0 = 6*b - 55 - 5. Suppose 0 = 3*z - 4*z. Suppose 0 = 3*t - r - 16, t + z*r = 3*r + 8. Calculate the highest common divisor of t and b.
5
Let k(h) = 3*h**2 - 4*h + 3. Let i be k(4). Suppose 2*r - 13 - i = 0. Let d = 1 - -2. What is the greatest common divisor of r and d?
3
Let g be (-2)/6*30/(-2). Let x be 30/(-105) + (-2006)/(-14). Suppose 3*z = -2*w - 2*w + x, 0 = -3*z + 3. Calculate the highest common factor of w and g.
5
Let q be 4/18 + ((-237)/(-27) - 1). Let y be -5*20*20/(-50). Calculate the highest common divisor of y and q.
8
Suppose 3*r = -3 - 30. Let v = 256 + r. Calculate the greatest common divisor of 98 and v.
49
Suppose -18 = -3*y - 3*n, 5*y + 3*n - 14 = 10. Suppose 20*b = 11*b + 54. What is the greatest common divisor of y and b?
3
Suppose 84*w - 2040 = 44*w. Calculate the highest common divisor of w and 17.
17
Let z be ((-18)/(-90))/(1/20). Calculate the highest common factor of 10 and z.
2
Suppose -4*y - 11 - 21 = 0. Let s(q) = q**2 + 9*q + 12. Let x be s(y). Suppose 1 = x*t - 23. What is the highest common factor of 54 and t?
6
Suppose 4*a - 9 = -3*f, -4*f + 5*a + 15 = f. Suppose -f*d + 11 = 5*z, 0*z - d = z - 3. What is the highest common factor of z and 7?
1
Suppose d = 3*d - 10. Suppose -d*y + 16 = -y, 3*l = y + 17. Let z = l - 0. Calculate the greatest common divisor of 28 and z.
7
Let u = 280 - 200. Let c = -15 - -7. Let s = c - -18. Calculate the highest common divisor of u and s.
10
Let o(c) = 8*c**2 + 3*c - 2. Let u be o(2). Suppose 4*g - 11 = -r + 42, -15 = -3*r. Suppose -6*k + g = -3*k. Calculate the highest common divisor of k and u.
4
Suppose -3*g + 2562 = -5*m, -2*g + g = m - 854. What is the highest common factor of g and 28?
14
Let f be (-1 + 25)*(-1)/(-3). Let q be (-132)/(-8) - 4/f. Let v = 27 - q. What is the highest common factor of 55 and v?
11
Let t(z) = -z**2 - 10*z - 14. Let f be t(-8). Suppose -f*p - 80 = -4*p. What is the highest common factor of p and 16?
8
Let a(o) = o**3 + 10*o**2 + 12*o - 15. Let i be a(-8). Calculate the greatest common factor of 68 and i.
17
Let q(s) = -9*s - 4. Let b be q(-19). Let z be 7/28 - (b/(-4) + 2). Let j be (6 - 3)*8/3. Calculate the greatest common factor of j and z.
8
Suppose 3*u - 6*u = 24. Let c be ((-30)/u)/(9/24). Calculate the highest common divisor of c and 70.
10
Let h(p) = p**2 + 6*p + 229. Let d be h(-17). Calculate the highest common divisor of d and 32.
32
Suppose -i + 2*o + 63 = 0, 5 = 2*o - 7*o. Suppose 35 = u - i. Calculate the highest common divisor of u and 12.
12
Suppose 10*w = 3*w + 455. Calculate the greatest common factor of 5 and w.
5
Let r be 3/(-6) - (11 - 4345/22). Calculate the greatest common divisor of 24 and r.
6
Let y be (1 - 4) + 0 - -8. Suppose -2*m - 90 = y*o, -o - 225 = 2*m + 3*m. Let r be (m/12)/((-12)/32). What is the highest common factor of 50 and r?
10
Suppose 0 = -2*p + 4*t + 14, -5*p + 5*t + 36 + 14 = 0. Suppose 2*h + 5*u - 42 = -2*h, 3*h - 5*u = 49. What is the highest common divisor of p and h?
13
Let u(x) = x**2 + 8. Let y be u(0). Let g = 16 + y. Suppose -60 = -5*w - 4*s, -2*w + 3*s + s = -52. What is the highest common factor of w and g?
8
Suppose 5*i = -2*j - 0*i + 23, 10 = j + 2*i. Suppose 3*d + 52 = 7*d + j*w, 4*d - 58 = -w. What is the highest common factor of d and 15?
15
Let o(r) = -7*r + 19. Let w be o(-5). Calculate the highest common divisor of 81 and w.
27
Suppose 4951 = 9*s - 305. What is the greatest common divisor of s and 8?
8
Suppose 5 = 4*a - 11. Suppose t = a*t - 270. Let y be (-15)/2*t/(-27). Calculate the highest common factor of 225 and y.
25
Suppose -5*a - 6*u + 103 = -7*u, -2*a = -u - 40. Let v = 52 - 45. Calculate the greatest common factor of v and a.
7
Suppose 1 = 5*a + 21, 0 = -l + 4*a + 480. What is the greatest common factor of l and 29?
29
Let x(i) = 3*i**2 - i. Let l be x(1). Let a = -113 + 118. Suppose l*o - 45 = -5*p + 44, 83 = a*p - o. What is the highest common factor of 119 and p?
17
Let g(r) = -r**3 - 7*r**2 + 5*r - 9. Let k be g(-5). Let a = 124 + k. What is the highest common factor of a and 100?
20
Let g(l) = 5*l + 4. Let h be g(5). Let j = h + -15. Let z be 270/j - (-2)/(-7). What is the highest common divisor of z and 38?
19
Suppose -9*a + 2*a = -350. Suppose -x = -27 + 7. Calculate the highest common factor of x and